ppose 6*b = 3*z + b - 303, 224 = m*z + 4*b. List the prime factors of z.
2, 53
Let n(f) = -47*f + 572. Let a = 245 + -245. List the prime factors of n(a).
2, 11, 13
Let f(g) = 72*g + 360. Let u be f(-5). Let i be (-2)/((-4)/10) + 0. Suppose u = -i*k + k + 16, m - 2*k = 17. List the prime factors of m.
5
Let i be (-587)/(-1) + 5 + -3. Let l = -851 + i. Let c = l + 398. List the prime factors of c.
2, 17
Suppose 0 = 2*f + 4, j + f + 29 + 273 = 0. Let l = 925 + j. Suppose 5*w = -3*h + 1042, 0 = 3*w + 5*h - 3*h - l. What are the prime factors of w?
11, 19
Let j(m) be the third derivative of -m**6/120 + 7*m**5/60 - m**4/2 - 3*m**3/2 + 71*m**2. What are the prime factors of j(-5)?
3, 13
Let b(p) = 702*p - 64. Let h(s) = 1053*s - 98. Let x(u) = -8*b(u) + 5*h(u). List the prime factors of x(-3).
5, 43
Let c = 197991 - 133659. What are the prime factors of c?
2, 3, 1787
Let z(a) = 1228*a + 718. What are the prime factors of z(5)?
2, 3, 127
Suppose 3*j - 18636 = -j. Suppose -10*g + 781 = -j. What are the prime factors of g?
2, 17
Let q(w) = -15*w - 47. Suppose 0*f = 12*f + 72. List the prime factors of q(f).
43
Let d = 65 + -61. List the prime factors of -1 - (8/d + -493).
2, 5, 7
Suppose -7*s + 25 = -2*s, -s = -l - 5. Suppose l = 3*u - 6*u + 1794. List the prime factors of u.
2, 13, 23
Let d(c) be the second derivative of c**4/12 - c**3 + 9*c**2/2 - 3*c. Let a(w) be the first derivative of d(w). What are the prime factors of a(4)?
2
Suppose -30*o = -w - 34*o + 19176, -25 = 5*o. List the prime factors of w.
2, 4799
Let z(n) = 2*n**3 - 60*n**2 + 78*n - 596. What are the prime factors of z(39)?
2, 233
Suppose 3*w + r - 3394 = 0, -6280 + 626 = -5*w + r. List the prime factors of w.
3, 13, 29
Let m(y) = -54*y - 184. Let p be m(-28). Suppose 3*o - 9*n - p = -13*n, -2*o - n = -882. What are the prime factors of o?
2, 5, 11
Suppose -2*q - 2 = 4*a, -2*a = 4*q - 7*a + 30. List the prime factors of ((-1)/3)/(10/47850*q).
11, 29
Let h(z) = -z**2 + 67*z + 189. What are the prime factors of h(38)?
1291
Let s = -89 - -52. Let h = s + 40. What are the prime factors of (-3 + h - 73)*-1?
73
Suppose 0 = 161*o + 1624295 - 5553339. List the prime factors of o.
2, 6101
Suppose 4 = o + 22. Let l be -17 - o - -1*1. Suppose l*h + 442 = 3*w, -2*w - 2*w = -5*h - 601. What are the prime factors of w?
2, 3
Let s(u) = 895*u**2 + 2*u - 1. Let k be s(1). Suppose 4*g = g + 2*t + k, t - 1489 = -5*g. List the prime factors of g.
2, 149
Suppose 2*n = 5*n - 45. Let a be (16/(-10))/(6/n). List the prime factors of 85 - (2 + 0 + a).
3, 29
Let z(x) = x**2 + 29*x + 184. Let b be z(-20). Suppose 0 = -k - 2*p + 899, 3612 = 9*k - 5*k + b*p. List the prime factors of k.
907
Let l(y) = -y**2 - y. Let n(h) = 6*h**2 + 13*h + 16. Let c(p) = -10*l(p) - 2*n(p). Let q be c(15). Let m = -509 - q. What are the prime factors of m?
3, 71
List the prime factors of 14 - (1 - -6) - (3 - 2461).
5, 17, 29
Let l(i) = 5*i**2 - 53*i - 115. Let a(b) = 2*b**2 - 26*b - 57. Let g(m) = 7*a(m) - 3*l(m). What are the prime factors of g(-10)?
2, 19
Let y(n) = -191*n - 10. Let o be y(-2). Suppose -q - 108 = -o. List the prime factors of q.
2, 3, 11
Let w = 2507 - 1361. Suppose 7*k - 10127 = -6*k. Suppose 0 = 4*f + i - w, -3*f + 74 = 4*i - k. What are the prime factors of f?
7, 41
Suppose 991*b - 987*b - 25628 = 0. List the prime factors of b.
43, 149
Suppose -61444 - 42136 = -40*d + 23740. What are the prime factors of d?
3, 1061
Suppose 5*y - y = -y. Suppose 0 = 5*s - r - 1818, 3*r + 1814 = 5*s - y*s. What are the prime factors of s?
2, 7, 13
Let x(s) = -s**3 + 3*s**2 - 5*s - 1. Let n be x(4). Let j = -13 - n. List the prime factors of (-12)/j*(-124 - -2).
61
Let l = 93 + -88. Suppose t - 38 = -u, 2*t + l*u = 56 + 8. List the prime factors of t.
2, 3, 7
Let s(j) = j**2 + 22*j - 71. Suppose -17*k = -21*k - 100. Let n be s(k). Suppose -3*o - 119 = -n*o. What are the prime factors of o?
7, 17
Let t(g) = -3*g**3 - 37*g**2 + 4*g + 26. Let l be t(-12). Suppose -4*r + 21 = 5*s, -s = r - 7 + 2. List the prime factors of l/(4 - s - 5).
83
Suppose 28*j + 25*j = 335204 + 42262. What are the prime factors of j?
2, 3, 1187
Suppose 0 = -2*i + 3*c + 624, -3*i - c + 1107 - 160 = 0. Suppose 2*f - 2*k = 6*f - 610, 0 = -2*f - 3*k + i. What are the prime factors of f?
2, 3, 5
Suppose -3*k - o = -2359, -2*o + 2 = -0*o. Suppose -k = -6*f + 4104. What are the prime factors of f?
5, 163
List the prime factors of -4*(-21)/(-14) + 2 + 8074.
2, 3, 5, 269
Let b(o) = -314*o + 34. Let p(m) = -316*m + 33. Let y(r) = -6*b(r) + 5*p(r). List the prime factors of y(6).
3, 5, 7, 17
Suppose -t = 4*w - 19, 5*t = -0*t - 5. Suppose w*q = 15, -2*p - 103 - 208 = -3*q. Let k = 47 - p. What are the prime factors of k?
2, 3, 11
Suppose -3*p + 22 = -5*r, -p + 4*r = p - 18. Let n be (-420)/(-4) - (p + -3). Suppose 4*j - 5*o - n = 0, 19 + 29 = 2*j + 4*o. What are the prime factors of j?
2, 13
Let m(j) = 824*j - 112. List the prime factors of m(1).
2, 89
Let b(h) = -21*h**2 - 6*h - 9*h**3 - 3*h**3 - 17*h**2 + 35*h**2. What are the prime factors of b(-4)?
2, 3, 31
Let i = 685 + -581. Let w be (-2 + 1)/(1/(-71)). Let d = i - w. What are the prime factors of d?
3, 11
Let q(b) = b**3 - 26*b**2 - 214*b + 214. What are the prime factors of q(44)?
2, 12823
Let q(u) = -u**3 - 23*u**2 - 38*u - 145. List the prime factors of q(-30).
5, 1459
Let f = -34481 + 53009. List the prime factors of f.
2, 3, 193
Let x = -160 - -168. List the prime factors of (6/x*2)/((-27)/(-5328)).
2, 37
Let g(h) = 12*h**3 - 22*h**2 + 37*h + 108. List the prime factors of g(15).
3, 12071
Let q(j) be the first derivative of -53*j**2/2 + 4*j + 15. Let b be q(1). Let i = b + 64. List the prime factors of i.
3, 5
Let u = 45 - 45. Suppose -p + 35 + 11 = u. Suppose 2*r - 190 + p = 0. What are the prime factors of r?
2, 3
Suppose 408*j = 795*j - 409*j + 1405932. List the prime factors of j.
2, 3, 10651
Suppose -11*f - r = -6*f - 192347, 0 = -f + 3*r + 38463. What are the prime factors of f?
3, 12823
Suppose 0 = 5*i - 20, -u - 3*i = -0*i - 14. Suppose -11*s - u*s + 13195 = 0. What are the prime factors of s?
5, 7, 29
Suppose -62 = -7*y + 43. What are the prime factors of (441 - 2) + (-2)/(10/y)?
2, 109
Suppose -24759 = -4*r + 5*i - 1714, 0 = 3*r + 5*i - 17240. What are the prime factors of r?
5, 1151
Suppose -5*f = 4*h - 22221, f - 3876 = h + 570. List the prime factors of f.
5, 7, 127
Let n(l) = 37*l**3 + 40*l**2 - 53*l + 87. Let k(a) = -13*a**3 - 13*a**2 + 18*a - 29. Let j(w) = -17*k(w) - 6*n(w). List the prime factors of j(-20).
131
Let h(r) = 152*r + 3466. What are the prime factors of h(23)?
2, 59
Let c(y) = 27 - 11*y**2 + 2*y**3 - 38*y + 135*y - 41*y - 44*y. What are the prime factors of c(9)?
2, 3, 13
Let q = -232 - -229. What are the prime factors of -3 + (-1025)/(-5) - (2 + q)?
7, 29
Let o be -4 - 18/12*-8. Suppose -2778 = -o*m + 1398. What are the prime factors of m?
2, 3, 29
Let g(w) = -w + 11. Suppose -6*t + 75 - 21 = 0. Let n be g(t). Suppose 0 = -n*z + 8*z - 582. List the prime factors of z.
97
Let q(t) be the first derivative of -33*t**2/2 - 2*t - 1. Let m = -23897 - -23894. List the prime factors of q(m).
97
Let g be (-96)/12*(7/(-4) - -1). Let n(v) = 31*v + 47. Let q(y) = 15*y + 23. Let b(u) = 3*n(u) - 5*q(u). What are the prime factors of b(g)?
2, 67
Let o be 4 + (3 - 21/3). Suppose 45 = 5*y - o*y + 3*u, u = y - 1. Suppose 605 = y*z - 103. What are the prime factors of z?
2, 59
Let z be 172*(10/4 - 3) - -1. Let m be (5 + 0)*(-2244)/z. Suppose -25 + m = v. What are the prime factors of v?
107
Let u(k) = 135*k**2 - 47*k - 268. What are the prime factors of u(-10)?
2, 13, 17, 31
Let p(o) = 12*o**2 + 63*o + 414. What are the prime factors of p(-15)?
3, 241
Let o(n) = 10*n**2 + 18*n - 32. Let a = -276 - -281. List the prime factors of o(a).
2, 7, 11
Let n = -4860 + 11612. What are the prime factors of n?
2, 211
Let p(b) = -36*b - 11. Let d be p(-9). Let f = 568 - d. List the prime factors of f.
3, 5, 17
Let c(p) = 28*p - 7. Let o be c(3). Let m = 333 - o. What are the prime factors of m?
2
Let l(v) = v**3 + 4*v**2 - 5*v. Let u = -33 - -28. Let q be l(u). Suppose -4*t + 7*t - 81 = q. List the prime factors of t.
3
Suppose 0 = -3*v - 3*v + 216. Suppose -r = -19*r + v. Suppose 3*x + r*x - 1275 = 0. 